the units digit of s(c)?
9
Let p be 2/(-4)*-1*-12. Suppose h - 4*h + 2*n = 34, -38 = 4*h + n. Let y = p - h. What is the units digit of y?
4
Let l = -28 - -57. What is the units digit of l?
9
Suppose -3*p - 34 = -4*p + 2*v, -4*p + v + 164 = 0. What is the tens digit of p?
4
Let m be 244/28 + (-4)/(-14). Let p = m - -3. Let l = 24 - p. What is the units digit of l?
2
Suppose 4*x - 46 = 38. What is the units digit of x?
1
Suppose 43 = -3*r + 5*w, 0 = -3*r - 2*w - 2 - 6. Let l(n) = n**2 + 2*n + 1 - 4 + 2*n. What is the units digit of l(r)?
9
Let r be (2 - 1)*-2*-5. Suppose 0 = -5*m - 11 - 14. What is the units digit of (-34)/m + 2/r?
7
Let i = 3 + -5. Let n = i + 2. Suppose n = -2*p + 2. What is the units digit of p?
1
Let z = -2 - -4. What is the units digit of z?
2
Suppose 8*g + 3*n - 389 = 3*g, 149 = 2*g - n. What is the tens digit of g?
7
What is the tens digit of ((-4)/6)/(4/(-102))?
1
Suppose -4*g + 8 = 0, -2*i + 3*g - g = -432. What is the hundreds digit of i?
2
Let t(q) = -q**3 - 5*q**2 + q + 4. Let k be t(-5). Let c be (28 - 0)/(2 + k). Suppose 5*i - c = -d, 34 = 5*i + 5*d + 14. What is the units digit of i?
6
Suppose -f - 4 = 0, -i - f = -5*i + 16. Suppose 0 = -i*j - b + 164, -2*b - 8 = -0. What is the units digit of j?
6
Suppose -4*f - 3 = -2*f + y, 0 = -5*f + 2*y + 15. Suppose 5*r = 5*p - 15, -2*p = 6*r - 3*r + 19. What is the units digit of -2 - (p - (f + 1))?
2
Let x be ((-5)/(10/(-12)))/(-1). Let w = x + 14. What is the units digit of w?
8
Let t(s) = -s**3 - 20*s**2 - 39*s + 26. What is the tens digit of t(-18)?
8
Let s(g) be the first derivative of g**4/4 - 5*g**3/3 - 7*g**2/2 - g + 5. What is the units digit of s(7)?
8
Suppose 3 = 4*n + 19. Let f = -2 - n. What is the units digit of (-6)/(f/4*-2)?
6
Let q(t) = 75*t**2 - t - 1. Let h be ((1 - 3) + 3)*-1. Let s be q(h). Suppose s = -2*g + 7*g. What is the units digit of g?
5
Let k(n) = -n**3 - n**2 - 2*n - 1. Let y be k(-1). Let x = -3 + y. What is the units digit of 1 - (1 + x + -3)?
5
Let p = -20 + 32. Suppose 4*a - n = -a - p, 0 = 4*n + 12. What is the units digit of 1/a*(-5 - -2)?
1
Let b be 2/(-7)*-1*7. What is the units digit of (-18)/((-3 + b)/1)?
8
Suppose 2*o = -3*b - 8, 0*o + 5*b - 17 = o. Let m = o + 13. What is the units digit of m?
6
Let l(a) = a**2 + 6*a + 6. Let u be l(-4). Let q = 40 + u. What is the units digit of q?
8
Let b(s) = 4*s**3 - 4*s**2 + 4*s + 6. What is the units digit of b(3)?
0
Suppose 2*n - 21 = h, 3*h = h - 2*n - 54. What is the tens digit of 10/(-5)*h/2?
2
Let f(y) = 3*y**2 - 8*y + 9. Let t be f(7). Suppose 2*l - 4*b = t, -4*l + 3*b + 66 = -109. What is the tens digit of l?
4
Let o = -370 + 538. What is the hundreds digit of o?
1
Let d = 10 - 9. Suppose 4*b = 4*p + 32, -16 = -p - 4*b + d. Let m(j) = -j**2 - 3*j + 1. What is the units digit of m(p)?
1
Suppose -5*g + 773 = -4*i, 2*i - 483 = -3*g - 2*i. What is the tens digit of g?
5
Suppose v - 58 = -4*v - 2*w, -v - 10 = -5*w. What is the tens digit of v?
1
Let y = 10 - -16. What is the tens digit of y?
2
Suppose -4*n = u + 7, 2*u = -3*u + 5*n - 10. Let w be 156/15 - 2/5. Let f = u + w. What is the units digit of f?
7
Suppose 4 = 5*t + 9. Let a be (-1)/(t/(-170)*-2). Suppose 0*r - 5*r = -a. What is the tens digit of r?
1
Let x(u) = 7*u + 1. Let s be x(-4). Let k = s - -60. What is the units digit of k?
3
Let n(p) = -p**2 - 8*p. Let v(f) = -f**2. Let i(x) = -8*x**2. Let j(m) = i(m) - 2*v(m). Let z be j(1). What is the units digit of n(z)?
2
Suppose -214 = -2*o + 3*p + 2*p, -o = -5*p - 112. What is the tens digit of o?
0
Suppose 0 = 5*y + 5*z - 150, 73 - 207 = -5*y + 3*z. Suppose 3*q = -4 + y. What is the units digit of q?
8
Suppose 0 = -5*q - 96 + 201. What is the tens digit of q?
2
Suppose -2*m - 5 = -3*m. Suppose -2*r + 0*r + 8 = -3*q, 5*q - 20 = -m*r. What is the units digit of r?
4
Suppose 8*w = 15*w - 1729. What is the units digit of w?
7
Let x be 2*(9/2)/(-3). Let c = 3 + x. Suppose c = -w + 3 + 4. What is the units digit of w?
7
Suppose 5*c + y = 140, 9*c - 4*c - 2*y - 155 = 0. What is the tens digit of c?
2
Suppose 0 = 3*s + 5*h - 44, -4*h + 26 = 3*s - 14. What is the units digit of s?
8
Let m(a) = a**3 - 7*a**2. Let w be m(6). Let s = w - -51. What is the units digit of s?
5
Let k(a) = 20*a + 74. What is the units digit of k(8)?
4
Suppose 0 = -c + 2*y - 7, -3*y = -5*c - 35. Let n(f) = f**3 + 6*f**2 - 9*f - 9. Let r be n(c). Let l = -1 + r. What is the units digit of l?
4
Let g(m) = -m**3 + 3*m**2 + 6*m - 6. Let l be g(4). Suppose l*h - 20 = -0*h. What is the units digit of h?
0
Suppose -3*y = y - 8. Suppose 0 = -y*o + 10 + 16. What is the tens digit of o?
1
Suppose 4*g = -m - 0*m - 4, 4*g - 5*m - 20 = 0. Suppose g*t = -t - 3. What is the units digit of 14/2 + 1 + t?
5
Let n(i) be the first derivative of i**4/4 + i**3 + 3*i**2/2 + 2*i + 3. Let q be n(-2). Suppose -a + 9 = -q. What is the units digit of a?
9
What is the tens digit of -4 - (-9)/3 - -262?
6
Suppose 4*k = 5*u + k - 320, 2*u + k = 117. What is the units digit of u?
1
Suppose 3*m = -4*l + 381, 2*m - 348 = 4*l - 114. What is the tens digit of m?
2
Suppose -5*k + 111 = 3*r, 0 = 2*r + 2*k - 119 + 45. What is the units digit of r?
7
Let u(r) = 3*r**2 - r + 1. What is the units digit of u(1)?
3
Let f be 2/(-3*(-6)/(-45)). Let q = 9 + f. Suppose 5*w - q*o = 8, -2*w + 17 = 3*o - 0. What is the units digit of w?
4
Suppose -2*h + 4*g = -22, 1 = -h + g - 3*g. Suppose 2*u + o = 2*o, 0 = -u - 2*o + h. What is the units digit of u?
1
Let j = 222 + -315. What is the units digit of (-1)/(j/45 - -2)?
5
Suppose v - 3 = -h + 13, 0 = -5*v - h + 60. What is the units digit of v?
1
Let j(y) = y. What is the tens digit of j(11)?
1
Let r = -5 + 11. Suppose o + 4 = r. Suppose 4*w - 2 = o*w. What is the units digit of w?
1
Suppose 0 = -d + 4*w + 29, 9 - 54 = -3*d - 2*w. Suppose -5*j = -48 - d. What is the units digit of j?
3
Suppose c - 1600 = -9*c. What is the hundreds digit of c?
1
Let d(g) = -5*g - 12. Let w = -31 + 21. Let k be d(w). What is the units digit of (-2)/(-7) + k/14?
3
Suppose k = 5*k + z - 137, 5*k + 2*z - 175 = 0. What is the tens digit of k?
3
Suppose -19*c = -15*c - 136. What is the units digit of c?
4
Let w = -2 + 3. Let i be (1/w)/(4/8). What is the units digit of ((-9)/(-6) + 1)*i?
5
Suppose 4*j - 14 = -k, j = 3*k + 1 + 22. Let b = 39 + k. What is the units digit of b?
3
Let g(h) = 2*h**2 + 2*h - h + 3*h - h**2. What is the units digit of g(-6)?
2
Let j(w) = -w + 9. Let l(i) = -3*i + 27. Let k(t) = -7*j(t) + 2*l(t). What is the units digit of k(13)?
4
Let y(v) be the second derivative of -v**4/12 + 11*v**3/6 + 3*v**2/2 + 2*v. Let k be y(8). Let r = k + -19. What is the units digit of r?
8
Let z = 136 - 77. What is the units digit of z?
9
Let z(y) = -y**3 + 6*y**2 + 2*y - 1. What is the tens digit of z(5)?
3
Let g(i) = i**2 + 7*i. Let q be g(-7). Let m = 0 + q. Let p(h) = -h**3 + 7. What is the units digit of p(m)?
7
What is the tens digit of (12/(-10))/(-3*2/400)?
8
Let n(l) = 52*l**2 - 4*l + 3. What is the tens digit of n(1)?
5
Let m = 28 - 8. Suppose 5 - m = -3*q. What is the units digit of q?
5
Suppose -2*y - 570 = -7*y. What is the hundreds digit of y?
1
Suppose 2*f - 262 = -5*v, -3*v + 0*v = -3*f + 393. What is the tens digit of f?
3
Let b be -21 - (4/2 - 3). What is the tens digit of (-265)/b - 1/4?
1
Let j(d) = 16*d - 9. What is the units digit of j(8)?
9
What is the hundreds digit of (-3)/(-2)*(-1)/((-15)/1520)?
1
Suppose 3*t - 1 = 2*t. What is the units digit of t?
1
Let l(q) = -q**3 - 12*q**2 - 13*q - 10. Suppose -20 = -k + 6*k. Let h be ((-2)/k)/((-2)/44). What is the tens digit of l(h)?
1
Suppose 3*g - 9 = -0*g. Let l(h) = -h**2 + 5*h + 9. Let s be l(11). What is the units digit of ((-1)/1)/(g/s)?
9
What is the tens digit of (-161)/(-8) - 2/16?
2
Suppose 0*s + 10*s - 490 = 0. What is the units digit of s?
9
Let g = 217 - 163. What is the tens digit of g?
5
Let c = -13 + 28. What is the units digit of c?
5
Let y = -5 - -9. Let a be 12/2*(-1)/(-1). Let o = a - y. What is the units digit of o?
2
Suppose -3*b + 5*b - 28 = 0. Let l(a) = 2*a - 18. What is the tens digit of l(b)?
1
Let o be -17*(-1)/(-4)*4. Let b = o + 24. Suppose b*k - 4*k = 9. What is the units digit of k?
3
Let l(d) = 5*d + 5. What is the units digit of l(2